s divided by 302.
10
What is the remainder when 184324 is divided by 62?
60
Calculate the remainder when 7460 is divided by 1215.
170
What is the remainder when 27621 is divided by 3066?
27
What is the remainder when 811654 is divided by 405823?
8
Calculate the remainder when 79983 is divided by 11.
2
What is the remainder when 21874 is divided by 4357?
89
Calculate the remainder when 11119 is divided by 27.
22
What is the remainder when 2162 is divided by 47?
0
Calculate the remainder when 4225 is divided by 860.
785
What is the remainder when 3874 is divided by 949?
78
What is the remainder when 19694 is divided by 679?
3
What is the remainder when 255713 is divided by 31?
25
What is the remainder when 9702672 is divided by 25?
22
What is the remainder when 168425 is divided by 197?
187
What is the remainder when 3147 is divided by 780?
27
Calculate the remainder when 114239 is divided by 5.
4
Calculate the remainder when 28201 is divided by 285.
271
What is the remainder when 40605 is divided by 10149?
9
What is the remainder when 3314 is divided by 359?
83
Calculate the remainder when 9188 is divided by 3050.
38
What is the remainder when 87788 is divided by 253?
250
Calculate the remainder when 1729 is divided by 14.
7
Calculate the remainder when 18239 is divided by 8885.
469
What is the remainder when 11092 is divided by 142?
16
What is the remainder when 170346 is divided by 63?
57
What is the remainder when 24776 is divided by 1546?
40
Calculate the remainder when 317 is divided by 18.
11
Calculate the remainder when 1688 is divided by 158.
108
What is the remainder when 211518 is divided by 80?
78
What is the remainder when 16874 is divided by 676?
650
Calculate the remainder when 4282 is divided by 6.
4
Calculate the remainder when 10009 is divided by 4991.
27
Calculate the remainder when 1009 is divided by 5.
4
What is the remainder when 29493 is divided by 13?
9
Calculate the remainder when 8909 is divided by 1482.
17
Calculate the remainder when 9657 is divided by 688.
25
Calculate the remainder when 16107 is divided by 97.
5
Calculate the remainder when 23692 is divided by 11.
9
Calculate the remainder when 15343 is divided by 25.
18
Calculate the remainder when 2598 is divided by 225.
123
Calculate the remainder when 27368 is divided by 829.
11
What is the remainder when 67635 is divided by 40?
35
What is the remainder when 682080 is divided by 8318?
4
Calculate the remainder when 6217 is divided by 441.
43
What is the remainder when 111438 is divided by 134?
84
What is the remainder when 23090 is divided by 624?
2
Calculate the remainder when 154251 is divided by 62.
57
Calculate the remainder when 5731 is divided by 1013.
666
What is the remainder when 65269 is divided by 93?
76
Calculate the remainder when 1373 is divided by 314.
117
What is the remainder when 143374 is divided by 155?
154
What is the remainder when 34027 is divided by 64?
43
Calculate the remainder when 19414 is divided by 9702.
10
What is the remainder when 14617 is divided by 7264?
89
What is the remainder when 413094 is divided by 45899?
3
Calculate the remainder when 16027 is divided by 2017.
1908
Calculate the remainder when 23124 is divided by 274.
108
What is the remainder when 11479 is divided by 3794?
97
Calculate the remainder when 85366 is divided by 59.
52
What is the remainder when 9405 is divided by 2936?
597
Calculate the remainder when 10586 is divided by 80.
26
What is the remainder when 20356 is divided by 1356?
16
What is the remainder when 2103 is divided by 268?
227
Calculate the remainder when 13496 is divided by 645.
596
Calculate the remainder when 5980 is divided by 650.
130
Calculate the remainder when 46168 is divided by 114.
112
What is the remainder when 1411952 is divided by 1724?
1720
What is the remainder when 8562 is divided by 18?
12
What is the remainder when 8016 is divided by 1793?
844
Calculate the remainder when 231138 is divided by 37.
36
Calculate the remainder when 5665 is divided by 65.
10
Calculate the remainder when 50968 is divided by 436.
392
What is the remainder when 113758 is divided by 360?
358
What is the remainder when 88687 is divided by 47?
45
What is the remainder when 33120 is divided by 91?
87
Calculate the remainder when 31844 is divided by 84.
8
What is the remainder when 1067338 is divided by 30?
28
What is the remainder when 8467 is divided by 2250?
1717
Calculate the remainder when 4964 is divided by 668.
288
What is the remainder when 113919 is divided by 22?
3
What is the remainder when 61233 is divided by 10202?
21
Calculate the remainder when 183 is divided by 41.
19
What is the remainder when 10291 is divided by 226?
121
What is the remainder when 366 is divided by 276?
90
Calculate the remainder when 1693 is divided by 16.
13
Calculate the remainder when 8147 is divided by 1203.
929
What is the remainder when 1075 is divided by 100?
75
Calculate the remainder when 40193 is divided by 6694.
29
Calculate the remainder when 2364 is divided by 691.
291
What is the remainder when 43106 is divided by 375?
356
Calculate the remainder when 635739 is divided by 70.
69
What is the remainder when 31980 is divided by 7939?
224
What is the remainder when 1929983 is divided by 718?
717
Calculate the remainder when 63411 is divided by 63370.
41
What is the remainder when 4352 is divided by 273?
257
What is the remainder when 7860 is divided by 1920?
180
Calculate the remainder when 20224 is divided by 10099.
26
Calculate the remainder when 521 is divided by 275.
246
What is the remainder when 74463 is divided by 856?
847
What is the remainder when 7243 is divided by 65?
28
What is the remainder when 2765 is divided by 735?
560
What is the remainder when 11721 is divided by 2921?
37
What is the remainder when 893 is divided by 20?
13
Calculate the remainder when 401022 is divided by 33418.
6
What is the remainder when 3947 is divided by 1109?
620
Calculate the remainder when 4223 is divided by 213.
176
What is the remainder when 5394 is divided by 2018?
1358
Calculate the remainder when 75653 is divided by 237.
50
What is the remainder when 4075 is divided by 176?
27
What is the remainder when 2959 is divided by 1072?
815
What is the remainder when 688108 is divided by 35?
8
What is the remainder when 27450 is divided by 24?
18
Calculate the remainder when 407636 is divided by 22.
20
What is the remainder when 11708 is divided by 61?
57
Calculate the remainder when 4326 is divided by 479.
15
What is the remainder when 11480 is divided by 2867?
12
Calculate the remainder when 14522 is divided by 103.
102
What is the remainder when 5274 is divided by 81?
9
Calculate the remainder when 15501 is divided by 272.
269
Calculate the remainder when 24367 is divided by 8121.
4
Calculate the remainder when 89975 is divided by 260.
15
Calculate the remainder when 15514 is divided by 78.
70
Calculate the remainder when 84462 is divided by 1224.
6
Calculate the remainder when 5286 is divided by 299.
203
What is the remainder when 576 is divided by 29?
25
Calculate the remainder when 26555 is divided by 187.
1
What is the remainder when 60771 is divided by 65?
61
What is the remainder when 23315 is divided by 281?
273
What is the remainder when 298427 is divided by 7853?
13
What is the remainder when 2950 is divided by 347?
174
What is the remainder when 1206213 is divided by 95?
93
Calculate the remainder when 2973 is divided by 628.
461
Calculate the remainder when 6704 is divided by 1675.
4
What is the remainder when 230828 is divided by 63?
59
What is the remainder when 34414 is divided by 3439?
24
Calculate the remainder when 169290 is divided by 411.
369
Calculate the remainder when 22819 is divided by 41.
23
What is the remainder when 815603 is divided by 117?
113
What is the remainder when 7917 is divided by 2613?
78
What is the remainder when 284 is divided by 84?
32
Calculate the remainder when 189 is divided by 184.
5
What is the remainder when 5946 is divided by 5879?
67
What is the remainder when 15925 is divided by 351?
130
Calculate the remainder when 234651 is divided by 21.
18
What is the remainder when 9383 is divided by 580?
103
Calculate the remainder when 29289 is divided by 563.
13
Calculate t